{"id":6260,"date":"2025-08-29T22:06:36","date_gmt":"2025-08-29T20:06:36","guid":{"rendered":"https:\/\/www.lenvol-liberte.com\/?page_id=6260"},"modified":"2025-08-29T22:46:41","modified_gmt":"2025-08-29T20:46:41","slug":"autres-possibilites","status":"publish","type":"page","link":"https:\/\/www.lenvol-liberte.com\/index.php\/autres-possibilites\/","title":{"rendered":"Autres possibilit\u00e9s"},"content":{"rendered":"\n<p>Planter votre tente dans le jardin, dormir dans votre voiture am\u00e9nag\u00e9e ou dans votre camping car&#8230; une autre mani\u00e8re de s\u00e9journer \u00e0 L&rsquo;Envol. <\/p>\n\n\n\n<p>Nous mettons \u00e0 disposition des sanitaires partag\u00e9s ainsi qu&rsquo;un espace d\u00e9tente o\u00f9 il vous sera possible de r\u00e9chauffer un plat ou de boire une boisson chaude. <\/p>\n\n\n\n<figure class=\"wp-block-gallery has-nested-images columns-4 is-cropped wp-block-gallery-1 is-layout-flex wp-block-gallery-is-layout-flex\">\n<figure class=\"wp-block-image size-large\"><img loading=\"lazy\" decoding=\"async\" width=\"1024\" height=\"1024\" data-id=\"6262\" src=\"https:\/\/www.lenvol-liberte.com\/wp-content\/uploads\/2025\/08\/image-1-1024x1024.png\" alt=\"\" class=\"wp-image-6262\" srcset=\"https:\/\/www.lenvol-liberte.com\/wp-content\/uploads\/2025\/08\/image-1-1024x1024.png 1024w, https:\/\/www.lenvol-liberte.com\/wp-content\/uploads\/2025\/08\/image-1-300x300.png 300w, https:\/\/www.lenvol-liberte.com\/wp-content\/uploads\/2025\/08\/image-1-150x150.png 150w, https:\/\/www.lenvol-liberte.com\/wp-content\/uploads\/2025\/08\/image-1-768x768.png 768w, https:\/\/www.lenvol-liberte.com\/wp-content\/uploads\/2025\/08\/image-1-1536x1536.png 1536w, https:\/\/www.lenvol-liberte.com\/wp-content\/uploads\/2025\/08\/image-1-1000x1000.png 1000w, https:\/\/www.lenvol-liberte.com\/wp-content\/uploads\/2025\/08\/image-1-230x230.png 230w, https:\/\/www.lenvol-liberte.com\/wp-content\/uploads\/2025\/08\/image-1-350x350.png 350w, https:\/\/www.lenvol-liberte.com\/wp-content\/uploads\/2025\/08\/image-1-480x480.png 480w, https:\/\/www.lenvol-liberte.com\/wp-content\/uploads\/2025\/08\/image-1.png 2000w\" sizes=\"auto, (max-width: 1024px) 100vw, 1024px\" \/><\/figure>\n\n\n\n<figure class=\"wp-block-image size-large\"><img loading=\"lazy\" decoding=\"async\" width=\"198\" height=\"254\" data-id=\"6284\" src=\"https:\/\/www.lenvol-liberte.com\/wp-content\/uploads\/2025\/08\/image.png\" alt=\"\" class=\"wp-image-6284\"\/><\/figure>\n\n\n\n<figure class=\"wp-block-image size-large\"><img loading=\"lazy\" decoding=\"async\" width=\"243\" height=\"207\" data-id=\"6264\" src=\"https:\/\/www.lenvol-liberte.com\/wp-content\/uploads\/2025\/08\/image-3.png\" alt=\"\" class=\"wp-image-6264\" srcset=\"https:\/\/www.lenvol-liberte.com\/wp-content\/uploads\/2025\/08\/image-3.png 243w, https:\/\/www.lenvol-liberte.com\/wp-content\/uploads\/2025\/08\/image-3-230x196.png 230w\" sizes=\"auto, (max-width: 243px) 100vw, 243px\" \/><\/figure>\n\n\n\n<figure class=\"wp-block-image size-large\"><img loading=\"lazy\" decoding=\"async\" width=\"308\" height=\"164\" data-id=\"6265\" src=\"https:\/\/www.lenvol-liberte.com\/wp-content\/uploads\/2025\/08\/image-4.png\" alt=\"\" class=\"wp-image-6265\" srcset=\"https:\/\/www.lenvol-liberte.com\/wp-content\/uploads\/2025\/08\/image-4.png 308w, https:\/\/www.lenvol-liberte.com\/wp-content\/uploads\/2025\/08\/image-4-300x160.png 300w, https:\/\/www.lenvol-liberte.com\/wp-content\/uploads\/2025\/08\/image-4-230x122.png 230w\" sizes=\"auto, (max-width: 308px) 100vw, 308px\" \/><\/figure>\n<\/figure>\n\n\n\n<p class=\"has-medium-font-size\">Un petit prix pour ceux qui choisissent une autre mani\u00e8re de s\u00e9journer : <strong>30 \u20ac la nuit<\/strong> (jusqu&rsquo;\u00e0 2 personnes)<\/p>\n\n\n\n<p><\/p>\n","protected":false},"excerpt":{"rendered":"<p>Planter votre tente dans le jardin, dormir dans votre voiture am\u00e9nag\u00e9e ou dans votre camping car&#8230; une autre mani\u00e8re de [&hellip;]<\/p>\n","protected":false},"author":1,"featured_media":0,"parent":0,"menu_order":0,"comment_status":"closed","ping_status":"closed","template":"","meta":{"_EventAllDay":false,"_EventTimezone":"","_EventStartDate":"","_EventEndDate":"","_EventStartDateUTC":"","_EventEndDateUTC":"","_EventShowMap":false,"_EventShowMapLink":false,"_EventURL":"","_EventCost":"","_EventCostDescription":"","_EventCurrencySymbol":"","_EventCurrencyCode":"","_EventCurrencyPosition":"","_EventDateTimeSeparator":"","_EventTimeRangeSeparator":"","_EventOrganizerID":[],"_EventVenueID":[],"_OrganizerEmail":"","_OrganizerPhone":"","_OrganizerWebsite":"","_VenueAddress":"","_VenueCity":"","_VenueCountry":"","_VenueProvince":"","_VenueState":"","_VenueZip":"","_VenuePhone":"","_VenueURL":"","_VenueStateProvince":"","_VenueLat":"","_VenueLng":"","_VenueShowMap":false,"_VenueShowMapLink":false,"footnotes":""},"class_list":["post-6260","page","type-page","status-publish","hentry"],"_links":{"self":[{"href":"https:\/\/www.lenvol-liberte.com\/index.php\/wp-json\/wp\/v2\/pages\/6260","targetHints":{"allow":["GET"]}}],"collection":[{"href":"https:\/\/www.lenvol-liberte.com\/index.php\/wp-json\/wp\/v2\/pages"}],"about":[{"href":"https:\/\/www.lenvol-liberte.com\/index.php\/wp-json\/wp\/v2\/types\/page"}],"author":[{"embeddable":true,"href":"https:\/\/www.lenvol-liberte.com\/index.php\/wp-json\/wp\/v2\/users\/1"}],"replies":[{"embeddable":true,"href":"https:\/\/www.lenvol-liberte.com\/index.php\/wp-json\/wp\/v2\/comments?post=6260"}],"version-history":[{"count":3,"href":"https:\/\/www.lenvol-liberte.com\/index.php\/wp-json\/wp\/v2\/pages\/6260\/revisions"}],"predecessor-version":[{"id":6285,"href":"https:\/\/www.lenvol-liberte.com\/index.php\/wp-json\/wp\/v2\/pages\/6260\/revisions\/6285"}],"wp:attachment":[{"href":"https:\/\/www.lenvol-liberte.com\/index.php\/wp-json\/wp\/v2\/media?parent=6260"}],"curies":[{"name":"wp","href":"https:\/\/api.w.org\/{rel}","templated":true}]}}